(-360)*16). Let i(s) = -s**3 - 29*s**2 + 31*s + 68. Calculate i(p).
38
Let k(l) be the first derivative of -l**4/12 - 13*l**3/6 - l**2/2 - 54*l + 35. Let c(v) be the first derivative of k(v). Determine c(-13).
-1
Suppose 0*c + c = -2*a - 9, c = -4*a - 15. Let m = -3 - a. Let d(l) = -12*l**2 - 3*l - 17. Let b(z) = -5*z**2 - z - 8. Let k(g) = 5*b(g) - 2*d(g). What is k(m)?
-6
Let r(i) = -i**2 - 7*i - 6. Suppose -7*a = 32 + 10. Determine r(a).
0
Suppose 108*s - 454*s = 3460. Let v(m) = 15*m + 14. What is v(s)?
-136
Let b = 1998 - 1996. Let p(w) be the first derivative of 0*w + 1/2*w**b + 13. Give p(3).
3
Let u(l) = -16*l**2 - 13*l - 90*l**2 + 104*l**2 - 14. Determine u(-6).
-8
Let s(w) = -w + 7. Let a be (3/2)/((-18)/(-24)). Suppose 9*i - 4*i - 42 = 2*j, 3*j = a*i - 19. Give s(i).
-1
Let z = -138 - -142. Suppose 3*a - a + 5 = 5*k, -z*k + 21 = -5*a. Let b(o) = -2 + 13*o + 3 - 17*o - o**2. Calculate b(a).
-4
Let k(v) = v - 3. Let j be (-29)/4 - 5/(-20). Suppose -9*m + 5*m = 4*p - 28, -2*m = 3*p - 12. Let h be m/6*j/(-3)*2. Calculate k(h).
4
Suppose 784 = 7*d + 51*d - 30*d. Let h(n) = n**2 - 26*n - 64. Give h(d).
-8
Let s(r) = 0*r**2 + 4 - r**2 + 0 - 6*r. Let u be 672/(-108) + 16/96*(-8)/(-6). What is s(u)?
4
Let k(f) = -2086*f - 2075*f + 4207*f - 7 + 14*f**2 + f**3. Calculate k(-6).
5
Let p(t) = -48*t + 47 - 4*t**2 + 30*t + 3*t**2. Let u be p(-20). Let b(k) = -k**3 + 8*k**2 - 10*k + 3. What is b(u)?
-18
Let p(u) = 142*u + 1842. Let t be p(-13). Let m(i) = -i**2 + 2*i + 13. Calculate m(t).
-11
Let t(v) = -v**2 + 2*v + 26. Let w be t(6). Let k(z) = 10*z - 2. Let q be k(w). Let b = 10 - q. Let a(j) = -j - 3. Give a(b).
5
Let f(k) = -k**2 + 15*k - 21. Let v(q) = -25*q + 1112. Let m be v(44). What is f(m)?
15
Let u = 601 + -595. Let k(r) = 37*r**3 + 35*r**2 - 14*r + 5. Let q(f) = -13*f**3 - 12*f**2 + 5*f - 2. Let p(x) = u*k(x) + 17*q(x). Calculate p(-6).
-10
Let d(b) = 6*b**2 + b - 5. Let r(l) = -2*l**2 + 2. Let y(n) = 25*n - 83. Let t be y(3). Let v(f) = t*r(f) - 3*d(f). Calculate v(-2).
-3
Let n(x) = -125*x + 27. Let c(g) = 42*g. Let l(a) = -3*c(a) - n(a). What is l(-7)?
-20
Let s(x) = -8*x + 9. Let y(l) = -39*l + 44. Let p(a) = 11*s(a) - 2*y(a). Suppose 14440 = -1483*q + 947*q + 1679*q + 1745*q. Give p(q).
-39
Let m(x) = x - 17. Suppose 14 = u - 5*o, 17*u + o = 22*u - 166. Calculate m(u).
17
Let b(y) = -10*y - 1997*y**3 + 4 + 3988*y**3 - 27 + y**2 + 3*y - 1992*y**3. Determine b(0).
-23
Suppose -5*j + 7*j - 18 = 0. Suppose 0 = -j*k + 8*k + 5. Suppose k*y - 26 - 9 = 0. Let t(r) = r + 2. Determine t(y).
9
Let s(f) be the third derivative of f**5/15 - 9*f**4/8 + 7*f**3/6 - 1785*f**2. Give s(7).
14
Let k(j) = 408*j - 2460. Let f be k(6). Let y(a) = -3*a**2 - 35*a + 28. Give y(f).
16
Suppose -3336 = -20*h + 784. Suppose -9*d - h = -233. Let l(v) = -v**3 - v + 1. Give l(d).
-29
Let x(i) = 5 + 7 + i + 4. Let u(a) = -50*a - 357. Let d be u(-7). Calculate x(d).
9
Let q(r) = -9*r**3 + 2*r - 2. Let i = -48 - -53. Suppose -16 = -4*b + 4*x - 8*x, 4*b - 3*x + i = 0. Let k be q(b). Let a(y) = -y - 12. What is a(k)?
-3
Let z(h) be the first derivative of 5*h**2 - 61*h - 788. Determine z(7).
9
Let v(d) = -2792*d**3 - d + 2793*d**3 - 3*d**2 + 2*d**2 - 2. Suppose 0 = 2*s - 5*s - 6. Give v(s).
-12
Let h = -902 + 960. Suppose 0 = -5*y - 83 + h. Let n(l) = l**2 + 3*l. What is n(y)?
10
Let d(y) be the first derivative of -y**4/12 + 5*y**3/6 - 3*y**2/2 - 35*y + 143. Let f(i) be the first derivative of d(i). What is f(4)?
1
Let o(u) = 1. Let a(m) = -11*m - 16. Let i(v) = -a(v) + 4*o(v). Let y be i(-2). Let d(j) be the third derivative of j**4/12 - j**3/3 + 4*j**2. Calculate d(y).
-6
Suppose 4*u = 5*m - 28 - 0, 8 = -2*u + m. Let o(y) = 4*y**2 - 829 + 829 - 80*y**3 + 2*y + 83*y**3. Determine o(u).
-12
Let f(h) = -h - 2. Suppose -2*s + 4640 = 8*s. Suppose -s = 4*g - 2*w + 46, -3*w - 485 = 4*g. Let p = g + 119. Calculate f(p).
4
Let z(a) be the first derivative of 2*a**3 - a - 34. Suppose 0*k - 11*k - 11 = 0. Give z(k).
5
Let v(p) = -52*p + 150. Suppose 5*w - 5*b + 10 = 0, -8*w + b + 10 = -3*w. What is v(w)?
-6
Let u(n) = 5*n - 2 + n**2 + 0*n + 2*n. Let g = 142641 + -142648. Calculate u(g).
-2
Let z(u) = -8*u + 5. Let m(f) = f**2 + 10*f + 18. Let w be m(-6). Let a be (0/w)/(-2) - -2. Determine z(a).
-11
Let d(y) = y**2 + 34*y + 166. Let p be d(-28). Let o(z) = 25*z + 9. Let k(a) = -7*a - 3. Let j(h) = p*o(h) - 7*k(h). What is j(-11)?
14
Let o(j) = j**3 + j**2 - j - 1. Let z(f) = 3*f**3 + f**2 - f - 8. Let n be 1/(-3*(-3)/36). Let c be n/14 - 150/35. Let d(i) = c*o(i) + z(i). Calculate d(-3).
-13
Let b(p) = 11*p - 44. Let i = -30159 + 30175. Determine b(i).
132
Let u(o) = o**3 - 5*o**2 + 4*o + 4. Suppose 24*g - 50 = 14*g. Suppose -5*s - g = 0, -2*s + 0*s - 18 = -4*r. Determine u(r).
4
Let o(i) = 10*i - 5. Suppose 16*k - 902 = -886. Determine o(k).
5
Let y = -337 + 367. Suppose 0*i - 4*i - 2*u = -98, 0 = 2*i - 5*u - 43. Let j = i - y. Let d(l) = l**3 + 6*l**2 + 3. Give d(j).
3
Suppose 14*y + 22 = 3*y. Let w(s) = 4*s. Let f(d) = d - 1. Let j(m) = -2*f(m) + w(m). What is j(y)?
-2
Let i(v) = -v**2 + 24*v - 64. Let y be i(21). Let d(u) be the third derivative of 0*u + 11/24*u**4 + 0 - 14*u**2 + 0*u**3. Calculate d(y).
-11
Suppose -2*q = 3*o + 12, -3*o - q = -4*o + 1. Let g be (3 + 9 + 2/(-1))/o. Let w(z) be the first derivative of z**2/2 + 7*z + 12. Determine w(g).
2
Let r(v) = -v**3 + 11*v**2 + 13*v - 11. Let j be 168/(-224) + (-204)/(-16). Calculate r(j).
1
Let b(t) be the third derivative of -t**5/60 - 5*t**4/4 - 25*t**3/3 + 580*t**2. Give b(-28).
6
Let d(v) = 60*v - 10. Let l(m) = -17*m + 3. Let y(f) = 2*d(f) + 7*l(f). Let p = 49 - 27. Let n(o) = 10*o + 5. Let j(g) = p*y(g) - 2*n(g). Determine j(-11).
-10
Let d be 8/(-6)*6/4. Let g(o) be the third derivative of 1/8*o**4 + 0*o + 0 + 1/3*o**3 - 24*o**2. Calculate g(d).
-4
Let u(p) = 71*p - 393. Let j(v) = -9*v + 49. Let x(z) = 23*j(z) + 3*u(z). Give x(18).
56
Let n(z) = -z**3 + 27*z**2 + 8*z + 118. Let x be n(27). Let b(q) = x*q + 346*q - 673*q. Determine b(4).
28
Let m(k) = -k**3 + 7*k**2 - 5*k + 6. Let l = 861 - 870. Let u be 15 + (7 + l)*4. Determine m(u).
-29
Let m(t) be the second derivative of -t**4/3 - 4*t**3/3 + 31*t**2/2 + 8020*t. Determine m(4).
-65
Let i(t) = -22*t**3 - 16*t - 8. Let m(d) = -59*d**3 + 2*d**2 - 45*d - 22. Let c(g) = -8*i(g) + 3*m(g). Suppose 4*x + 5*s = 44, x + 3*s - 10 = 8. What is c(x)?
-44
Let u(j) = 3*j**3 + 4*j**2 + 15*j - 31. Let l be u(-6). Let s = l + 634. Let k(z) = -z**3 + 10*z**2 - 10*z + 6. Determine k(s).
-3
Let r(g) = -9*g + 9. Let s(h) be the second derivative of -10*h**3/3 + 19*h**2/2 + 4*h - 5. Let a(u) = 9*r(u) - 4*s(u). Determine a(-7).
12
Let w = 34 + -35. Let f = 56 + -54. Let k(q) = 152*q**2 + 16*q**3 + 1 - 5*q**3 - 152*q**f. What is k(w)?
-10
Let r be 6 + 12*(-4)/(-8). Let b(m) = r*m - 26*m**2 + 11*m**2 + 3*m**2 - 14 + m**3 + 0*m. Determine b(11).
-3
Suppose 2036*v - 2033*v = 3. Let j(g) = -g + 21*g**2 + 24*g**2 - 40*g**2. Give j(v).
4
Let b(f) = 2*f**3 + 2*f**2 + 2*f - 2. Let r(l) = l**3 - 19*l**2 + 9*l - 109. Let g be r(19). Suppose 22*h = -g + 18. Determine b(h).
-14
Let z(s) be the third derivative of 5*s**4/24 - 7*s**3/3 - 35*s**2. Let y be z(5). Let m(w) = 3*w**2 + 8 - 5*w - 3*w**2 - w**3 + 4*w**2 - y*w**2. Give m(-6).
2
Let h(b) = b**3 - 9*b**2 - 6*b - 9. Suppose 3*w + 3*o = -6, 3*o = -w - 3 - 1. Let u(c) = -c**3 + 2*c**2 + c + 2. Let z(k) = w*h(k) - 4*u(k). Calculate z(-1).
-3
Suppose -y + 2 = -3*y. Let z be (-1 - (-6)/18)*3 + 0. Let p be 6*y*z/(-6). Let f(m) = -2*m - 1. Calculate f(p).
3
Let m(s) = s**3 - 9*s**2 + 7*s + 2. Let y(k) = 34*k**3 + 5*k - 2. Let t be y(2). Let i = t + -272. Calculate m(i).
-6
Let z(m) = 17*m**2 + 4*m + 8. Let f(h) = 13*h**2 + 4*h + 6. Let r(j) = -5*f(j) + 4*z(j). Let p be ((-30)/(-105))/(1/7). Calculate r(p).
6
Let g(v) = 2*v**3 + 19*v**2 + 18*v - 10. Let p be g(-8). Suppose -p = -6*o - 50. Let w(d) = 5*d**2 + d - 1. Calculate w(o).
17
Let o(s) = -8 - 52 - 16*s + 9*s. Give o(-11).
17
Let a(s) = -11*s**3 + 3*s**2 - 2*s + 11. Let z(m) = 14*m**3 - m**2 - 10. Let v(f) = -5*a(f) - 4*z(f). Calculate v(-12).
9
Let l(b) = -89*b - 684 + 280 + 142. What is l(-3)?
5
Let n = 54 + -37. Let j(x) = -6*x - 41 + n + x**2 + 11 + 18. Determine j(4).
-3
Let g(f) 